{"id":32,"date":"2022-02-18T22:43:34","date_gmt":"2022-02-18T22:43:34","guid":{"rendered":"https:\/\/clickturismo.es\/?page_id=32"},"modified":"2022-03-17T20:58:05","modified_gmt":"2022-03-17T20:58:05","slug":"soria","status":"publish","type":"page","link":"https:\/\/clickturismo.es\/index.php\/soria\/","title":{"rendered":"Soria"},"content":{"rendered":"\n<hr class=\"wp-block-separator\"\/>\n\n\n\n<p><strong>Soria es una de las provincias del interior de Espa\u00f1a que&nbsp;esconden un tesoro tras otro. <\/strong><\/p>\n\n\n\n<p><strong>Y cuando crees que ya lo has descubierto todo te vuelve a sorprender de nuevo. <\/strong><\/p>\n\n\n\n<p><strong>Teniendo como punto de partida su&nbsp;patrimonio cultural y natural&nbsp;es uno de los lugares m\u00e1s injustamente desconocidos de Espa\u00f1a. <\/strong><\/p>\n\n\n\n<p><strong>Aqu\u00ed encontrar\u00e1s un punto de desconexi\u00f3n vital, especialmente si te gusta el turismo rural. <\/strong><\/p>\n\n\n\n<p><strong>Echa un vistazo a esta recopilaci\u00f3n de todos los&nbsp;lugares que ver en Soria&nbsp;y ya ver\u00e1s como te entran unas ganas tremendas de escaparte un fin de semana.<\/strong><\/p>\n\n\n\n<hr class=\"wp-block-separator\"\/>\n\n\n\n<figure class=\"wp-block-image size-full is-resized\"><img loading=\"lazy\" decoding=\"async\" src=\"https:\/\/clickturismo.es\/wp-content\/uploads\/2022\/02\/5a7c7472859af56a90d505fbab5b07d5.jpg\" alt=\"\" class=\"wp-image-192\" width=\"1240\" height=\"930\" srcset=\"https:\/\/clickturismo.es\/wp-content\/uploads\/2022\/02\/5a7c7472859af56a90d505fbab5b07d5.jpg 718w, https:\/\/clickturismo.es\/wp-content\/uploads\/2022\/02\/5a7c7472859af56a90d505fbab5b07d5-300x225.jpg 300w, https:\/\/clickturismo.es\/wp-content\/uploads\/2022\/02\/5a7c7472859af56a90d505fbab5b07d5-389x292.jpg 389w\" sizes=\"auto, (max-width: 1240px) 100vw, 1240px\" \/><\/figure>\n\n\n\n<hr class=\"wp-block-separator\"\/>\n\n\n\n<figure class=\"wp-block-image size-full is-resized\"><a href=\"https:\/\/www.soria.es\/turismo\/un-poco-de-historia\"><img loading=\"lazy\" decoding=\"async\" src=\"https:\/\/clickturismo.es\/wp-content\/uploads\/2022\/02\/Imagen4-4.png\" alt=\"\" class=\"wp-image-181\" width=\"1241\" height=\"185\" srcset=\"https:\/\/clickturismo.es\/wp-content\/uploads\/2022\/02\/Imagen4-4.png 803w, https:\/\/clickturismo.es\/wp-content\/uploads\/2022\/02\/Imagen4-4-300x44.png 300w, https:\/\/clickturismo.es\/wp-content\/uploads\/2022\/02\/Imagen4-4-768x114.png 768w, https:\/\/clickturismo.es\/wp-content\/uploads\/2022\/02\/Imagen4-4-389x58.png 389w, https:\/\/clickturismo.es\/wp-content\/uploads\/2022\/02\/Imagen4-4-800x119.png 800w\" sizes=\"auto, (max-width: 1241px) 100vw, 1241px\" \/><\/a><\/figure>\n\n\n\n<figure class=\"wp-block-image size-full is-resized\"><a href=\"http:\/\/www.enelmundoperdido.com\/2015\/10\/que-ver-y-que-hacer-en-soria\/\"><img loading=\"lazy\" decoding=\"async\" src=\"https:\/\/clickturismo.es\/wp-content\/uploads\/2022\/02\/Imagen5-4.png\" alt=\"\" class=\"wp-image-182\" width=\"1241\" height=\"183\" srcset=\"https:\/\/clickturismo.es\/wp-content\/uploads\/2022\/02\/Imagen5-4.png 805w, https:\/\/clickturismo.es\/wp-content\/uploads\/2022\/02\/Imagen5-4-300x44.png 300w, https:\/\/clickturismo.es\/wp-content\/uploads\/2022\/02\/Imagen5-4-768x114.png 768w, https:\/\/clickturismo.es\/wp-content\/uploads\/2022\/02\/Imagen5-4-389x58.png 389w, https:\/\/clickturismo.es\/wp-content\/uploads\/2022\/02\/Imagen5-4-800x119.png 800w\" sizes=\"auto, (max-width: 1241px) 100vw, 1241px\" \/><\/a><\/figure>\n\n\n\n<figure class=\"wp-block-image size-full is-resized\"><a href=\"http:\/\/www.enelmundoperdido.com\/2015\/10\/que-ver-y-que-hacer-en-soria\/\"><img loading=\"lazy\" decoding=\"async\" src=\"https:\/\/clickturismo.es\/wp-content\/uploads\/2022\/02\/Imagen6-4.png\" alt=\"\" class=\"wp-image-183\" width=\"1239\" height=\"183\" srcset=\"https:\/\/clickturismo.es\/wp-content\/uploads\/2022\/02\/Imagen6-4.png 806w, https:\/\/clickturismo.es\/wp-content\/uploads\/2022\/02\/Imagen6-4-300x44.png 300w, https:\/\/clickturismo.es\/wp-content\/uploads\/2022\/02\/Imagen6-4-768x113.png 768w, https:\/\/clickturismo.es\/wp-content\/uploads\/2022\/02\/Imagen6-4-389x57.png 389w, https:\/\/clickturismo.es\/wp-content\/uploads\/2022\/02\/Imagen6-4-800x119.png 800w\" sizes=\"auto, (max-width: 1239px) 100vw, 1239px\" \/><\/a><\/figure>\n\n\n\n<figure class=\"wp-block-image size-full is-resized\"><a href=\"https:\/\/www.soria.es\/es\/ciudad\/fiestas-y-tradiciones\"><img loading=\"lazy\" decoding=\"async\" src=\"https:\/\/clickturismo.es\/wp-content\/uploads\/2022\/02\/Imagen7-5.png\" alt=\"\" class=\"wp-image-184\" width=\"1241\" height=\"176\" srcset=\"https:\/\/clickturismo.es\/wp-content\/uploads\/2022\/02\/Imagen7-5.png 807w, https:\/\/clickturismo.es\/wp-content\/uploads\/2022\/02\/Imagen7-5-300x42.png 300w, https:\/\/clickturismo.es\/wp-content\/uploads\/2022\/02\/Imagen7-5-768x108.png 768w, https:\/\/clickturismo.es\/wp-content\/uploads\/2022\/02\/Imagen7-5-389x55.png 389w, https:\/\/clickturismo.es\/wp-content\/uploads\/2022\/02\/Imagen7-5-800x114.png 800w\" sizes=\"auto, (max-width: 1241px) 100vw, 1241px\" \/><\/a><\/figure>\n\n\n\n<figure class=\"wp-block-image size-full is-resized\"><a href=\"https:\/\/www.tripadvisor.es\/Restaurants-g488305-Soria_Province_of_Soria_Castile_and_Leon.html\"><img loading=\"lazy\" decoding=\"async\" src=\"https:\/\/clickturismo.es\/wp-content\/uploads\/2022\/02\/Imagen8-4.png\" alt=\"\" class=\"wp-image-185\" width=\"1239\" height=\"185\" srcset=\"https:\/\/clickturismo.es\/wp-content\/uploads\/2022\/02\/Imagen8-4.png 805w, https:\/\/clickturismo.es\/wp-content\/uploads\/2022\/02\/Imagen8-4-300x45.png 300w, https:\/\/clickturismo.es\/wp-content\/uploads\/2022\/02\/Imagen8-4-768x114.png 768w, https:\/\/clickturismo.es\/wp-content\/uploads\/2022\/02\/Imagen8-4-389x58.png 389w, https:\/\/clickturismo.es\/wp-content\/uploads\/2022\/02\/Imagen8-4-800x120.png 800w\" sizes=\"auto, (max-width: 1239px) 100vw, 1239px\" \/><\/a><\/figure>\n\n\n\n<figure class=\"wp-block-image size-full is-resized\"><a href=\"https:\/\/guiadesoria.es\/comer-y-dormir\/de-tapas-en-soria\/1404-tapear-en-soria.html\"><img loading=\"lazy\" decoding=\"async\" src=\"https:\/\/clickturismo.es\/wp-content\/uploads\/2022\/02\/Imagen9-5.png\" alt=\"\" class=\"wp-image-186\" width=\"1240\" height=\"185\" srcset=\"https:\/\/clickturismo.es\/wp-content\/uploads\/2022\/02\/Imagen9-5.png 805w, https:\/\/clickturismo.es\/wp-content\/uploads\/2022\/02\/Imagen9-5-300x45.png 300w, https:\/\/clickturismo.es\/wp-content\/uploads\/2022\/02\/Imagen9-5-768x114.png 768w, https:\/\/clickturismo.es\/wp-content\/uploads\/2022\/02\/Imagen9-5-389x58.png 389w, https:\/\/clickturismo.es\/wp-content\/uploads\/2022\/02\/Imagen9-5-800x120.png 800w\" sizes=\"auto, (max-width: 1240px) 100vw, 1240px\" \/><\/a><\/figure>\n\n\n\n<figure class=\"wp-block-image size-full is-resized\"><a href=\"https:\/\/www.guiadelocio.com\/soria\/tarde-y-noche\"><img loading=\"lazy\" decoding=\"async\" src=\"https:\/\/clickturismo.es\/wp-content\/uploads\/2022\/02\/Imagen10-4.png\" alt=\"\" class=\"wp-image-187\" width=\"1239\" height=\"185\" srcset=\"https:\/\/clickturismo.es\/wp-content\/uploads\/2022\/02\/Imagen10-4.png 805w, https:\/\/clickturismo.es\/wp-content\/uploads\/2022\/02\/Imagen10-4-300x45.png 300w, https:\/\/clickturismo.es\/wp-content\/uploads\/2022\/02\/Imagen10-4-768x114.png 768w, https:\/\/clickturismo.es\/wp-content\/uploads\/2022\/02\/Imagen10-4-389x58.png 389w, https:\/\/clickturismo.es\/wp-content\/uploads\/2022\/02\/Imagen10-4-800x120.png 800w\" sizes=\"auto, (max-width: 1239px) 100vw, 1239px\" \/><\/a><\/figure>\n\n\n\n<figure class=\"wp-block-image size-full is-resized\"><a href=\"https:\/\/www.booking.com\/city\/es\/soria.es.html\"><img loading=\"lazy\" decoding=\"async\" src=\"https:\/\/clickturismo.es\/wp-content\/uploads\/2022\/02\/Imagen11-2.png\" alt=\"\" class=\"wp-image-188\" width=\"1241\" height=\"185\" srcset=\"https:\/\/clickturismo.es\/wp-content\/uploads\/2022\/02\/Imagen11-2.png 806w, https:\/\/clickturismo.es\/wp-content\/uploads\/2022\/02\/Imagen11-2-300x45.png 300w, https:\/\/clickturismo.es\/wp-content\/uploads\/2022\/02\/Imagen11-2-768x114.png 768w, https:\/\/clickturismo.es\/wp-content\/uploads\/2022\/02\/Imagen11-2-389x58.png 389w, https:\/\/clickturismo.es\/wp-content\/uploads\/2022\/02\/Imagen11-2-800x120.png 800w\" sizes=\"auto, (max-width: 1241px) 100vw, 1241px\" \/><\/a><\/figure>\n\n\n\n<figure class=\"wp-block-image size-full is-resized\"><a href=\"http:\/\/soriadecompras.com\/\"><img loading=\"lazy\" decoding=\"async\" src=\"https:\/\/clickturismo.es\/wp-content\/uploads\/2022\/02\/Imagen12-1.png\" alt=\"\" class=\"wp-image-189\" width=\"1241\" height=\"185\" srcset=\"https:\/\/clickturismo.es\/wp-content\/uploads\/2022\/02\/Imagen12-1.png 806w, https:\/\/clickturismo.es\/wp-content\/uploads\/2022\/02\/Imagen12-1-300x45.png 300w, https:\/\/clickturismo.es\/wp-content\/uploads\/2022\/02\/Imagen12-1-768x114.png 768w, https:\/\/clickturismo.es\/wp-content\/uploads\/2022\/02\/Imagen12-1-389x58.png 389w, https:\/\/clickturismo.es\/wp-content\/uploads\/2022\/02\/Imagen12-1-800x120.png 800w\" sizes=\"auto, (max-width: 1241px) 100vw, 1241px\" \/><\/a><\/figure>\n\n\n\n<figure class=\"wp-block-image size-full is-resized\"><a href=\"https:\/\/es.wikiloc.com\/rutas\/senderismo\/espana\/castilla-y-leon\/soria\"><img loading=\"lazy\" decoding=\"async\" src=\"https:\/\/clickturismo.es\/wp-content\/uploads\/2022\/02\/Imagen13-1.png\" alt=\"\" class=\"wp-image-190\" width=\"1238\" height=\"185\" srcset=\"https:\/\/clickturismo.es\/wp-content\/uploads\/2022\/02\/Imagen13-1.png 805w, https:\/\/clickturismo.es\/wp-content\/uploads\/2022\/02\/Imagen13-1-300x45.png 300w, https:\/\/clickturismo.es\/wp-content\/uploads\/2022\/02\/Imagen13-1-768x114.png 768w, https:\/\/clickturismo.es\/wp-content\/uploads\/2022\/02\/Imagen13-1-389x58.png 389w, https:\/\/clickturismo.es\/wp-content\/uploads\/2022\/02\/Imagen13-1-800x120.png 800w\" sizes=\"auto, (max-width: 1238px) 100vw, 1238px\" \/><\/a><\/figure>\n\n\n\n<hr class=\"wp-block-separator\"\/>\n\n\n\n<hr class=\"wp-block-separator\"\/>\n","protected":false},"excerpt":{"rendered":"<p>Soria es una de las provincias del interior de Espa\u00f1a que&nbsp;esconden un tesoro tras otro. Y cuando crees que ya lo has descubierto todo te &hellip;<\/p>\n","protected":false},"author":1,"featured_media":236,"parent":0,"menu_order":0,"comment_status":"closed","ping_status":"closed","template":"","meta":{"_monsterinsights_skip_tracking":false,"_monsterinsights_sitenote_active":false,"_monsterinsights_sitenote_note":"","_monsterinsights_sitenote_category":0,"footnotes":""},"class_list":["post-32","page","type-page","status-publish","has-post-thumbnail","hentry"],"_links":{"self":[{"href":"https:\/\/clickturismo.es\/index.php\/wp-json\/wp\/v2\/pages\/32","targetHints":{"allow":["GET"]}}],"collection":[{"href":"https:\/\/clickturismo.es\/index.php\/wp-json\/wp\/v2\/pages"}],"about":[{"href":"https:\/\/clickturismo.es\/index.php\/wp-json\/wp\/v2\/types\/page"}],"author":[{"embeddable":true,"href":"https:\/\/clickturismo.es\/index.php\/wp-json\/wp\/v2\/users\/1"}],"replies":[{"embeddable":true,"href":"https:\/\/clickturismo.es\/index.php\/wp-json\/wp\/v2\/comments?post=32"}],"version-history":[{"count":4,"href":"https:\/\/clickturismo.es\/index.php\/wp-json\/wp\/v2\/pages\/32\/revisions"}],"predecessor-version":[{"id":253,"href":"https:\/\/clickturismo.es\/index.php\/wp-json\/wp\/v2\/pages\/32\/revisions\/253"}],"wp:featuredmedia":[{"embeddable":true,"href":"https:\/\/clickturismo.es\/index.php\/wp-json\/wp\/v2\/media\/236"}],"wp:attachment":[{"href":"https:\/\/clickturismo.es\/index.php\/wp-json\/wp\/v2\/media?parent=32"}],"curies":[{"name":"wp","href":"https:\/\/api.w.org\/{rel}","templated":true}]}}